 + 692. Is q prime?
False
Let l = -53 + 93. Suppose -3*w + l + 53 = 0. Is w a prime number?
True
Suppose -2*h + 1533 = 3*v + 2*h, -2*v + 1022 = -2*h. Is v a composite number?
True
Let s = 10 + -6. Suppose 0 = -s*r + 3*r + 203. Is r a prime number?
False
Suppose -8*s = 2531 - 7899. Is s prime?
False
Let o(m) be the third derivative of -m**4/24 - m**3 + m**2. Let u be o(-4). Let d(z) = -27*z + 1. Is d(u) a composite number?
True
Suppose 2633 = 3*w + n, w + 4*n - 3500 = -3*w. Is w a prime number?
False
Let u be ((-9)/3 - -5) + 0. Suppose u*l - 13 = 7. Is l a composite number?
True
Suppose 2*d - 26 = 44. Let x = 1 + -1. Suppose x*b = -b + d. Is b prime?
False
Let f = -17 - -213. Let x = f - -97. Is x composite?
False
Let q be 1/(((-12)/(-8))/3). Suppose 5*j - 4*s - 49 = 1250, 0 = -q*j - s + 530. Is j prime?
True
Suppose 3*g - 1158 = 4*t + 733, 2*g - 1263 = 5*t. Is g composite?
True
Let f(d) = 4*d**2 + 5*d + 3. Let r be f(-4). Let v = 84 - r. Is v composite?
False
Is ((-747)/(-2) + -2)/((-19)/(-38)) a composite number?
False
Suppose c - 6*c = 0. Suppose c*x + 5*x - 290 = 0. Is x a prime number?
False
Let x = 2537 + -388. Is x a prime number?
False
Suppose -4*b = -23 + 3. Suppose 4*t + 3*o - 348 = 0, 2*o = 5*o - 12. Suppose t = -p + b*p. Is p a composite number?
True
Suppose 15*b - 10*b = 6805. Is b composite?
False
Let x be 10/((-4)/(-2) - 0). Let k be (0 + 16)*15/2. Suppose -x*j - v = v - 191, k = 3*j + 3*v. Is j a composite number?
False
Is 184*10 + (6 - 11) prime?
False
Suppose c - 1 = 0, 0 = 3*u - 0*u + 3*c - 312. Is u a prime number?
True
Suppose -929 = -6*i + 49. Is i prime?
True
Suppose 4*d = 5*o + 150, 3*d - 99 = -0*d - 3*o. Suppose n + 5*h = d, -2*n + 3*h = -h. Is n prime?
False
Is -4 - 6/((-18)/1155) a composite number?
True
Suppose 2*d = 2*y + 46, 0 = -d - 3*d - 2*y + 74. Suppose -d = -4*z, 4*w - 3*z - 43 = 2. Suppose -4*u = -9*u + w. Is u a prime number?
True
Suppose 2*q - 6 = -2. Is 1162*((-3)/q + 2) a composite number?
True
Suppose 4 - 25 = -3*l. Suppose l*r - 248 = 3*r. Is r a composite number?
True
Suppose 3*s = 7 + 5. Suppose -h = s*h - 95. Is h a prime number?
True
Let t be 20/8*4/5. Suppose -351 = -t*d + 87. Is d prime?
False
Suppose -5*l - 1245 = -3*a - 4*l, 2*a - 830 = -4*l. Is a prime?
False
Let y = 308 + 561. Is y composite?
True
Let p(r) = 5*r**2 + r + 3. Let k = 9 - 1. Let t be (k/10)/((-2)/10). Is p(t) a composite number?
False
Let b(q) = -3 - 1 + 3 + q**2 - 2*q. Let i be b(3). Is 17/i - 3/(-6) a composite number?
True
Suppose -5*a + 0*m = 3*m - 1073, -4*a + 888 = -5*m. Is a composite?
True
Suppose -s = i - 8, -4*s + 33 = s - 2*i. Let r be s/2 - 1/(-2). Suppose r*v + 170 = k + 4*k, 4*v - 134 = -3*k. Is k a prime number?
False
Suppose 2*l + 8 = 4*l. Suppose 3*b = -5*d + 777, -b = l*b + 5. Is ((-3)/(-6))/(2/d) composite?
True
Let u = 7 + -5. Let k(p) = -4*p**2 - p - u + 0*p**2 + 5*p**2. Is k(-3) a prime number?
False
Let q be (0 + 2)*(-10)/(-4). Suppose -q*b + 19 = -1. Is (3 + (-254)/b)*-2 a prime number?
False
Suppose 5*g = 25, h = 3*h - g - 669. Is h a prime number?
True
Let d = 13 + 54. Is d prime?
True
Suppose -5*b + 492 + 692 = -m, -241 = -b - 4*m. Is b a composite number?
True
Let b(t) = 141*t**2 + 2*t - 2. Let u be ((-2)/5)/(4/(-10)). Is b(u) composite?
True
Let t be 13/(-26)*2*1. Let o(c) = -379*c. Is o(t) composite?
False
Let h(m) = 3 + 3*m + 7*m**2 - 3*m - 2*m - 4*m - m**3. Let p be h(6). Suppose -p*g = -3*d + 234, d + 2*g - 100 = -19. Is d composite?
False
Let v be ((-8)/12)/((-2)/753). Let q = v + -48. Is q a prime number?
False
Suppose 3*w = -0*w. Suppose d - 412 + 64 = w. Suppose v + d = 5*v. Is v a composite number?
True
Suppose x - 4*m = 2*x - 2, -2*m = x. Let a = -15 - -14. Is a/2*115*x a composite number?
True
Suppose 5 = -3*n + 17. Let s(b) be the third derivative of b**5/60 - b**4/8 + b**3/3 + b**2. Is s(n) prime?
False
Is 2395 - (-2 + 0) - (7 + -3) prime?
True
Suppose -4*a - 96 = -1100. Is a composite?
False
Suppose o - 3*o + 11906 = 0. Is o a composite number?
False
Let q(k) = -6*k**2 - k + 6. Let b be q(-3). Let y(i) = -3*i + 2. Let h be y(4). Let a = h - b. Is a composite?
True
Let j(n) = -4 + 4 + 2*n**2. Let q be j(3). Suppose 0 = -v + 3*i + q, -6*i + 108 = 5*v - 3*i. Is v prime?
False
Suppose 3*v + 1 = -8. Let x(l) = -l**3 - 3*l + 1. Is x(v) a prime number?
True
Let x = 6 - 1. Suppose 5*w = 2*q - 1233, 0 = -3*q + x*w + 1337 + 500. Suppose p = 2*b + 2*b + 157, -4*p + 4*b + q = 0. Is p a composite number?
False
Suppose 5*w - 742 = 3*w. Is w prime?
False
Let h = -2 - -3. Let d(w) = -w**3 - 9*w**2 - w - 11. Let m be d(-9). Let x = h - m. Is x composite?
False
Is 373*-1*(-16 - -15) composite?
False
Suppose 4*p - 466 = 2*m, 4*p - m = -40 + 511. Is p a prime number?
False
Let o(m) = -5 - 3*m - 3*m + 0. Is o(-12) prime?
True
Is (5 + 3)/(-2) + 89 a composite number?
True
Let a be (29/(-2))/(2/(-4)). Let b be -19 + (13 + -4)/3. Let v = b + a. Is v prime?
True
Let h(l) = 3*l**2 + 4. Is h(3) composite?
False
Let a(x) = 2*x**2 - 11*x + 13. Is a(10) a prime number?
True
Let n(t) = -t**2 + t + 12. Let l be n(0). Suppose l - 2 = x. Is x prime?
False
Let t be (1/(-3))/(9/(-27)). Is (2/6)/(t/879) a composite number?
False
Is 886/(0 - 0 - -2) prime?
True
Let u = -4752 - -7341. Is u composite?
True
Suppose l + 0*l + 2*d - 401 = 0, -2*d + 1215 = 3*l. Is l prime?
False
Let s(l) = l**2 - 3. Let v(w) = 2*w**2 + w - 1. Let j be v(1). Let m be (j/2 + 3)*-1. Is s(m) composite?
False
Let o = -11 + 18. Let z = -74 + o. Let i = 10 - z. Is i a composite number?
True
Suppose -6*b = -b - 15. Is b composite?
False
Let d(w) = 22*w**2 - w - 1. Let c = -12 - -14. Is d(c) a prime number?
False
Let l(q) = -4*q**3 + q**2 + 6*q + 7. Is l(-5) composite?
True
Let v = 11 - 6. Suppose -3*g + v*g - 860 = -5*d, -3*d - 4*g = -530. Let p = d - 84. Is p a composite number?
True
Suppose 2*n = -21 + 83. Suppose 0 = b - 0*b - n. Is b prime?
True
Suppose -4*j - 5*z = -2*j - 25, 5*j = -3*z + 34. Suppose -j*r + 338 = -297. Is r a prime number?
True
Let z be 6/18 + (-5)/(-3). Let o = -6 - -8. Suppose -z*c - 6 = 0, -o*c - c + 13 = 2*h. Is h a composite number?
False
Let v be (-4)/(-8)*8*1. Suppose h - 6 = v*h. Let f(b) = -11*b**3 - b**2 - 2*b - 3. Is f(h) a prime number?
False
Let y(z) = z**3 - z**2 + 5. Let q be y(0). Suppose q*p - 139 = 4*p. Suppose -9 = -4*w + p. Is w prime?
True
Suppose -5*s - 4*k + 16 = 0, 4*k - 4 = -2*s + 3*k. Let n = s + 65. Is n a composite number?
True
Suppose 0 = -4*v + 8. Suppose -1 - 7 = -v*u. Suppose u*i - 12 = 2*i. Is i composite?
True
Let q(u) = 3*u**2 - 2*u + 9. Is q(-4) a composite number?
True
Suppose 8*u = 7*u + 33. Is u prime?
False
Let b = 1353 + -718. Let l be ((-224)/(-40))/(2/(-160)). Let p = b + l. Is p composite?
True
Let j(k) = -k**2 + 7*k - 3. Let l be j(3). Let o = 10 + -16. Is l - -3*o/(-9) a composite number?
False
Suppose 3*n = -0 + 6, s = 4*n + 119. Is s a prime number?
True
Let t be (0 - 11)/((-2)/18). Suppose -t = -5*y - w, 18 = 2*y + 5*w - 40. Is y composite?
False
Suppose 2*i - 76 = -0*k - k, -73 = -k - i. Suppose q = -4*q - k. Is (-329)/q + (-1)/2 composite?
False
Let a(i) = -i - 5. Let q(p) = -p - 4. Let g(v) = -3*a(v) + 2*q(v). Is g(0) a prime number?
True
Let f = -1 + 2. Let v(h) = h**3 + h**2 + 0 - f + 8. Is v(0) a prime number?
True
Suppose 1 = a + 4. Let l(k) = -42*k + 4. Let o be l(a). Suppose 32 - o = -2*p. Is p a prime number?
False
Let a(i) = -29*i + 3. Let c(r) = r**3 + 9*r**2 + 7*r - 5. Let w be c(-8). Suppose -3*d + 10 + w = -z, 4*z + d = -13. Is a(z) prime?
False
Let o = 135 - -98. Is o prime?
True
Let a be 5/(5/2)*4. Suppose 0 = a*v - 4*v - 2*n + 60, 0 = -3*v + n - 47. Let l = v + 66. Is l prime?
False
Is (-116)/(-6) + (-2)/6 prime?
True
Suppose 2*p + 92 = -5*j, j + p = -9 - 7. Suppose 2*c - c = 4*a - 72, -54 = -3*a - c. Let i = a - j. Is i prime?
False
Suppose 5 = 4*m + 4*y - 11, -2*y = -m + 4. Suppose 3*v - 5*c = -2*v + 20, m*v - 21 = 5*c. Is (4 + -2 + v)*25 composite?
True
Is (-4)/((-1)/(-1)) - -165 a prime number?
False
Let g be (0 + 1)*15/3. Suppose -1 = d + g*c, -2*d - 3*c + 4 = c. Suppose 2 - 134 = -d*u. Is u prime?
False
Let k = 5 - 2. Suppose -x = -k*x + 28. Is x composite?
True
Let y be (-1)/(-7) - (-14466)/21. Let w = -286 + y. Is w prime?
False
Let p = -3 + 3. Suppose 5*